{"id":15473,"date":"2020-02-26T19:54:34","date_gmt":"2020-02-26T17:54:34","guid":{"rendered":"https:\/\/www.mayoralassessors.es\/?page_id=15473"},"modified":"2020-12-18T13:22:34","modified_gmt":"2020-12-18T11:22:34","slug":"area-laboral","status":"publish","type":"page","link":"https:\/\/www.mayoralassessors.es\/ca\/area-laboral\/","title":{"rendered":"\u00c0rea Laboral"},"content":{"rendered":"<p>[vc_row css_animation=&#8221;&#8221; row_type=&#8221;row&#8221; use_row_as_full_screen_section=&#8221;no&#8221; type=&#8221;full_width&#8221; angled_section=&#8221;no&#8221; text_align=&#8221;left&#8221; background_image_as_pattern=&#8221;without_pattern&#8221; z_index=&#8221;&#8221; side_padding=&#8221;0&#8243; padding_top=&#8221;0&#8243; padding_bottom=&#8221;0&#8243;][vc_column width=&#8221;1\/3&#8243; css=&#8221;.vc_custom_1587487247147{margin: 0px !important;padding: 0px !important;}&#8221;][vc_single_image image=&#8221;16097&#8243; img_size=&#8221;355&#215;504&#8243; alignment=&#8221;center&#8221; qode_css_animation=&#8221;&#8221; css=&#8221;.vc_custom_1604690585084{margin-top: 0px !important;margin-right: 0px !important;margin-bottom: 0px !important;margin-left: 0px !important;padding-top: 0px !important;padding-right: 0px !important;padding-bottom: 0px !important;padding-left: 0px !important;}&#8221;][\/vc_column][vc_column width=&#8221;1\/3&#8243; css=&#8221;.vc_custom_1587487257810{margin: 0px !important;padding: 0px !important;}&#8221;][vc_single_image image=&#8221;16988&#8243; img_size=&#8221;353&#215;241&#8243; alignment=&#8221;center&#8221; qode_css_animation=&#8221;&#8221;][vc_empty_space height=&#8221;21px&#8221; el_class=&#8221;espai-imatges&#8221;][vc_single_image image=&#8221;16095&#8243; img_size=&#8221;353&#215;243&#8243; alignment=&#8221;center&#8221; qode_css_animation=&#8221;&#8221;][\/vc_column][vc_column width=&#8221;1\/3&#8243; css=&#8221;.vc_custom_1587487269230{margin: 0px !important;padding: 0px !important;}&#8221;][vc_single_image image=&#8221;16091&#8243; img_size=&#8221;353&#215;243&#8243; alignment=&#8221;center&#8221; qode_css_animation=&#8221;&#8221;][vc_empty_space height=&#8221;23px&#8221; el_class=&#8221;espai-imatges&#8221;][vc_single_image image=&#8221;16093&#8243; img_size=&#8221;353&#215;243&#8243; alignment=&#8221;center&#8221; qode_css_animation=&#8221;&#8221;][\/vc_column][\/vc_row][vc_row css_animation=&#8221;&#8221; row_type=&#8221;row&#8221; use_row_as_full_screen_section=&#8221;no&#8221; type=&#8221;full_width&#8221; angled_section=&#8221;no&#8221; text_align=&#8221;left&#8221; background_image_as_pattern=&#8221;without_pattern&#8221; padding_top=&#8221;80&#8243; padding_bottom=&#8221;70&#8243; equal_height=&#8221;yes&#8221;][vc_column width=&#8221;1\/2&#8243;][vc_column_text]<\/p>\n<h2 class=\"titular_servei\" style=\"text-align: left;\">\u00c0REA LABORAL<\/h2>\n<h3 style=\"text-align: left;\">Som el seu departament de Recursos Humans.<br \/>\nL&#8217;externalitzaci\u00f3 d&#8217;aquesta \u00e0rea \u00e9s la m\u00e9s sol\u00b7licitada.<\/h3>\n<p>[\/vc_column_text][vc_separator type=&#8221;normal&#8221; up=&#8221;20&#8243; down=&#8221;20&#8243; color=&#8221;#e5e5e5&#8243; thickness=&#8221;1&#8243;][vc_column_text]<\/p>\n<h4 style=\"text-align: left;\">Gesti\u00f3 de N\u00f2mines i Seguretat Social, Contractaci\u00f3 Laboral, Pol\u00edtiques Retributives, Contractes Laborals Especials, Alta Direcci\u00f3, Litigis Laborals, Inspecci\u00f3 Laborals.<\/h4>\n<p>[\/vc_column_text][\/vc_column][vc_column width=&#8221;1\/2&#8243;][vc_column_text]<\/p>\n<p class=\"p1\" style=\"text-align: left;\">Amb aquesta metodologia, optimitzem tots els recursos de forma contundent i a m\u00e9s descarreguem a l\u2019empresari directiu de tota la pressi\u00f3 que suposa la complexa normativa de la contractaci\u00f3, retribucions, jornades, modificaci\u00f3 de les condicions de treball, mobilitat geogr\u00e0fica, funcional, complements a les prestacions p\u00fabliques, convenis col\u00b7lectius.<\/p>\n<p class=\"p1\" style=\"text-align: left;\">Assessorem i defensem als nostres clients davant les inspeccions de treball, els conflictes col\u00b7lectius o litigis laborals, representant a les empreses i al personal directiu en els processos judicials.<\/p>\n<p>[\/vc_column_text][\/vc_column][\/vc_row]<\/p>\n","protected":false},"excerpt":{"rendered":"<p>[vc_row css_animation=&#8221;&#8221; row_type=&#8221;row&#8221; use_row_as_full_screen_section=&#8221;no&#8221; type=&#8221;full_width&#8221; angled_section=&#8221;no&#8221; text_align=&#8221;left&#8221; background_image_as_pattern=&#8221;without_pattern&#8221; z_index=&#8221;&#8221; side_padding=&#8221;0&#8243; padding_top=&#8221;0&#8243; padding_bottom=&#8221;0&#8243;][vc_column width=&#8221;1\/3&#8243; css=&#8221;.vc_custom_1587487247147{margin: 0px !important;padding: 0px !important;}&#8221;][vc_single_image image=&#8221;16097&#8243; img_size=&#8221;355&#215;504&#8243; alignment=&#8221;center&#8221; qode_css_animation=&#8221;&#8221; css=&#8221;.vc_custom_1604690585084{margin-top: 0px !important;margin-right: 0px !important;margin-bottom: 0px !important;margin-left: 0px !important;padding-top: 0px !important;padding-right: 0px !important;padding-bottom: 0px !important;padding-left: 0px !important;}&#8221;][\/vc_column][vc_column width=&#8221;1\/3&#8243; css=&#8221;.vc_custom_1587487257810{margin: 0px !important;padding: 0px !important;}&#8221;][vc_single_image&#8230;<\/p>\n","protected":false},"author":2,"featured_media":0,"parent":0,"menu_order":0,"comment_status":"open","ping_status":"closed","template":"","meta":[],"_links":{"self":[{"href":"https:\/\/www.mayoralassessors.es\/ca\/wp-json\/wp\/v2\/pages\/15473\/"}],"collection":[{"href":"https:\/\/www.mayoralassessors.es\/ca\/wp-json\/wp\/v2\/pages\/"}],"about":[{"href":"https:\/\/www.mayoralassessors.es\/ca\/wp-json\/wp\/v2\/types\/page\/"}],"author":[{"embeddable":true,"href":"https:\/\/www.mayoralassessors.es\/ca\/wp-json\/wp\/v2\/users\/2\/"}],"replies":[{"embeddable":true,"href":"https:\/\/www.mayoralassessors.es\/ca\/wp-json\/wp\/v2\/comments\/?post=15473"}],"version-history":[{"count":38,"href":"https:\/\/www.mayoralassessors.es\/ca\/wp-json\/wp\/v2\/pages\/15473\/revisions\/"}],"predecessor-version":[{"id":17031,"href":"https:\/\/www.mayoralassessors.es\/ca\/wp-json\/wp\/v2\/pages\/15473\/revisions\/17031\/"}],"wp:attachment":[{"href":"https:\/\/www.mayoralassessors.es\/ca\/wp-json\/wp\/v2\/media\/?parent=15473"}],"curies":[{"name":"wp","href":"https:\/\/api.w.org\/{rel}","templated":true}]}}

Àrea Laboral

<p>[vc_row css_animation=&#8221;&#8221; row_type=&#8221;row&#8221; use_row_as_full_screen_section=&#8221;no&#8221; type=&#8221;full_width&#8221; angled_section=&#8221;no&#8221; text_align=&#8221;left&#8221; background_image_as_pattern=&#8221;without_pattern&#8221; z_index=&#8221;&#8221; side_padding=&#8221;0&#8243; padding_top=&#8221;0&#8243; padding_bottom=&#8221;0&#8243;][vc_column width=&#8221;1/3&#8243; css=&#8221;.vc_custom_1587487247147{margin: 0px !important;padding: 0px !important;}&#8221;][vc_single_image image=&#8221;16097&#8243; img_size=&#8221;355&#215;504&#8243; alignment=&#8221;center&#8221; qode_css_animation=&#8221;&#8221; css=&#8221;.vc_custom_1604690585084{margin-top: 0px !important;margin-right: 0px !important;margin-bottom: 0px !important;margin-left: 0px !important;padding-top: 0px !important;padding-right: 0px !important;padding-bottom: 0px !important;padding-left: 0px !important;}&#8221;][/vc_column][vc_column width=&#8221;1/3&#8243; css=&#8221;.vc_custom_1587487257810{margin: 0px !important;padding: 0px !important;}&#8221;][vc_single_image image=&#8221;16988&#8243; img_size=&#8221;353&#215;241&#8243; alignment=&#8221;center&#8221; qode_css_animation=&#8221;&#8221;][vc_empty_space height=&#8221;21px&#8221; el_class=&#8221;espai-imatges&#8221;][vc_single_image image=&#8221;16095&#8243; img_size=&#8221;353&#215;243&#8243; alignment=&#8221;center&#8221; qode_css_animation=&#8221;&#8221;][/vc_column][vc_column width=&#8221;1/3&#8243; css=&#8221;.vc_custom_1587487269230{margin: 0px !important;padding: 0px !important;}&#8221;][vc_single_image image=&#8221;16091&#8243; img_size=&#8221;353&#215;243&#8243; alignment=&#8221;center&#8221; qode_css_animation=&#8221;&#8221;][vc_empty_space height=&#8221;23px&#8221; el_class=&#8221;espai-imatges&#8221;][vc_single_image image=&#8221;16093&#8243; img_size=&#8221;353&#215;243&#8243; alignment=&#8221;center&#8221; qode_css_animation=&#8221;&#8221;][/vc_column][/vc_row][vc_row css_animation=&#8221;&#8221; row_type=&#8221;row&#8221; use_row_as_full_screen_section=&#8221;no&#8221; type=&#8221;full_width&#8221; angled_section=&#8221;no&#8221; text_align=&#8221;left&#8221; background_image_as_pattern=&#8221;without_pattern&#8221; padding_top=&#8221;80&#8243; padding_bottom=&#8221;70&#8243; equal_height=&#8221;yes&#8221;][vc_column width=&#8221;1/2&#8243;][vc_column_text]</p>
<h2 class="titular_servei" style="text-align: left;">ÀREA LABORAL</h2>
<h3 style="text-align: left;">Som el seu departament de Recursos Humans.<br />
L&#8217;externalització d&#8217;aquesta àrea és la més sol·licitada.</h3>
<p>[/vc_column_text][vc_separator type=&#8221;normal&#8221; up=&#8221;20&#8243; down=&#8221;20&#8243; color=&#8221;#e5e5e5&#8243; thickness=&#8221;1&#8243;][vc_column_text]</p>
<h4 style="text-align: left;">Gestió de Nòmines i Seguretat Social, Contractació Laboral, Polítiques Retributives, Contractes Laborals Especials, Alta Direcció, Litigis Laborals, Inspecció Laborals.</h4>
<p>[/vc_column_text][/vc_column][vc_column width=&#8221;1/2&#8243;][vc_column_text]</p>
<p class="p1" style="text-align: left;">Amb aquesta metodologia, optimitzem tots els recursos de forma contundent i a més descarreguem a l’empresari directiu de tota la pressió que suposa la complexa normativa de la contractació, retribucions, jornades, modificació de les condicions de treball, mobilitat geogràfica, funcional, complements a les prestacions públiques, convenis col·lectius.</p>
<p class="p1" style="text-align: left;">Assessorem i defensem als nostres clients davant les inspeccions de treball, els conflictes col·lectius o litigis laborals, representant a les empreses i al personal directiu en els processos judicials.</p>
<p>[/vc_column_text][/vc_column][/vc_row]</p>
